{"id":1066,"date":"2017-07-11T19:04:28","date_gmt":"2017-07-11T19:04:28","guid":{"rendered":"http:\/\/www2.unsa.edu.pe\/escuelas\/antropologia\/?page_id=1066"},"modified":"2020-09-24T02:56:10","modified_gmt":"2020-09-24T07:56:10","slug":"vision-y-mision","status":"publish","type":"page","link":"https:\/\/fchs.unsa.edu.pe\/antropologia\/vision-y-mision\/","title":{"rendered":"Misi\u00f3n y Visi\u00f3n"},"content":{"rendered":"<div class=\"cua-gra\"><img loading=\"lazy\" decoding=\"async\" class=\"hidden-xs alignnone size-medium wp-image-1237\" src=\"https:\/\/fchs.unsa.edu.pe\/antropologia\/wp-content\/uploads\/sites\/5\/2017\/09\/UNSA_SOCIALES_AQP_02.1jpg-e1505919345727-360x203.jpg\" alt=\"\" width=\"360\" height=\"203\" \/><\/p>\n<h4>Misi\u00f3n<\/h4>\n<p>Somos una Escuela Profesional de la Facultad de Ciencias Hist\u00f3rico Sociales, que formamos profesionales en Antropolog\u00eda con una\u00a0base human\u00edstica, \u00e9tica y cr\u00edtica, con\u00a0capacidad\u00a0de explicar el comportamiento intercultural,\u00a0investiga\u00a0la sociedad, facilita procesos\u00a0de inclusi\u00f3n y ejecuta y eval\u00faa proyectos de investigaci\u00f3n, y proyectos de desarrollo\u00a0sostenibles en el sector p\u00fablico y privado.<\/div>\n<div class=\"cua-gri\"><img loading=\"lazy\" decoding=\"async\" class=\"hidden-xs alignnone size-medium wp-image-1231\" src=\"https:\/\/fchs.unsa.edu.pe\/antropologia\/wp-content\/uploads\/sites\/5\/2017\/09\/SOCIOLOGIA_UNSA_007-360x203.jpg\" alt=\"\" width=\"360\" height=\"203\" \/><\/p>\n<h4>Visi\u00f3n<\/h4>\n<p>La Escuela Profesional de Antropolog\u00eda es l\u00edder en la Macro sur del Per\u00fa, en la\u00a0formaci\u00f3n de excelencia en ciencias sociales, con\u00a0s\u00f3lida base\u00a0human\u00edstica y capaz de comprender la diversidad sociocultural, y el di\u00e1logo intercultural,\u00a0contribuyendo a la integraci\u00f3n, la construcci\u00f3n de la identidad de nuestro pa\u00eds\u00a0y su\u00a0desarrollo sustentable.<\/div>\n","protected":false},"excerpt":{"rendered":"","protected":false},"author":1,"featured_media":0,"parent":0,"menu_order":0,"comment_status":"closed","ping_status":"closed","template":"","meta":{"_acf_changed":false,"footnotes":""},"class_list":["post-1066","page","type-page","status-publish","hentry"],"acf":[],"_links":{"self":[{"href":"https:\/\/fchs.unsa.edu.pe\/antropologia\/wp-json\/wp\/v2\/pages\/1066","targetHints":{"allow":["GET"]}}],"collection":[{"href":"https:\/\/fchs.unsa.edu.pe\/antropologia\/wp-json\/wp\/v2\/pages"}],"about":[{"href":"https:\/\/fchs.unsa.edu.pe\/antropologia\/wp-json\/wp\/v2\/types\/page"}],"author":[{"embeddable":true,"href":"https:\/\/fchs.unsa.edu.pe\/antropologia\/wp-json\/wp\/v2\/users\/1"}],"replies":[{"embeddable":true,"href":"https:\/\/fchs.unsa.edu.pe\/antropologia\/wp-json\/wp\/v2\/comments?post=1066"}],"version-history":[{"count":5,"href":"https:\/\/fchs.unsa.edu.pe\/antropologia\/wp-json\/wp\/v2\/pages\/1066\/revisions"}],"predecessor-version":[{"id":1468,"href":"https:\/\/fchs.unsa.edu.pe\/antropologia\/wp-json\/wp\/v2\/pages\/1066\/revisions\/1468"}],"wp:attachment":[{"href":"https:\/\/fchs.unsa.edu.pe\/antropologia\/wp-json\/wp\/v2\/media?parent=1066"}],"curies":[{"name":"wp","href":"https:\/\/api.w.org\/{rel}","templated":true}]}}