{"id":1468,"date":"2022-01-29T16:16:02","date_gmt":"2022-01-29T16:16:02","guid":{"rendered":"https:\/\/fchs.unsa.edu.pe\/historia\/?page_id=1468"},"modified":"2022-02-02T02:49:34","modified_gmt":"2022-02-02T02:49:34","slug":"comite-electoral","status":"publish","type":"page","link":"https:\/\/fchs.unsa.edu.pe\/historia\/comite-electoral\/","title":{"rendered":"Comit\u00e9 Electoral"},"content":{"rendered":"<p>Comit\u00e9 Electoral para la Comisi\u00f3n Organizadora Nacional encargada de elaborar los Estatutos del Colegio de Historiadores<\/p>\n<table class=\"table table-bordered\">\n<tbody>\n<tr>\n<th>Archivos<\/th>\n<th><\/th>\n<\/tr>\n<tr>\n<td>Presentaci\u00f3n Comisi\u00f3n Organizadora Nacional encargada de elaborar los Estatutos del Colegio de Historiadores. 1<\/td>\n<td><a class=\"btn btn-default btn-xs\" href=\"https:\/\/fchs.unsa.edu.pe\/historia\/wp-content\/uploads\/sites\/2\/2022\/01\/MAZ-POSTULANTE-1.pdf\" target=\"_blank\" rel=\"noopener\">Ver o Descargar<\/a><\/td>\n<\/tr>\n<tr>\n<td>Presentaci\u00f3n Comisi\u00f3n Organizadora Nacional encargada de elaborar los Estatutos del Colegio de Historiadores. 2<\/td>\n<td><a class=\"btn btn-default btn-xs\" href=\"https:\/\/fchs.unsa.edu.pe\/historia\/wp-content\/uploads\/sites\/2\/2022\/01\/GJGZ-POSTULANTE-2.pdf\" target=\"_blank\" rel=\"noopener\">Ver o Descargar<\/a><\/td>\n<\/tr>\n<tr>\n<td>Comunicado N\u00ba 02 Comit\u00e9 electoral<\/td>\n<td><a class=\"btn btn-default btn-xs\" href=\"https:\/\/fchs.unsa.edu.pe\/historia\/wp-content\/uploads\/sites\/2\/2022\/01\/Comunicado-02CE.pdf\" target=\"_blank\" rel=\"noopener\">Ver o Descargar<\/a><\/td>\n<\/tr>\n<tr>\n<td>Comunicado N\u00ba 03 Comit\u00e9 electoral<\/td>\n<td><a class=\"btn btn-default btn-xs\" href=\"https:\/\/fchs.unsa.edu.pe\/historia\/wp-content\/uploads\/sites\/2\/2022\/01\/Comunicado-03CE.pdf\" target=\"_blank\" rel=\"noopener\">Ver o Descargar<\/a><\/td>\n<\/tr>\n<tr>\n<td>Registro en el Padr\u00f3n para la elecci\u00f3n de representante<\/td>\n<td><a class=\"btn btn-default btn-xs\" href=\"https:\/\/docs.google.com\/forms\/d\/e\/1FAIpQLSfgKRub74aHGlUx82rkSrzXbDmwoGflUCzB3AZ_pJ9Ol_nWag\/viewform\" target=\"_blank\" rel=\"noopener\">Registrarse<\/a><\/td>\n<\/tr>\n<tr>\n<td>Comunicado N\u00ba 04 Comit\u00e9 electoral<\/td>\n<td><a class=\"btn btn-default btn-xs\" href=\"https:\/\/fchs.unsa.edu.pe\/historia\/wp-content\/uploads\/sites\/2\/2022\/01\/COMUNICADO-N.pdf\" target=\"_blank\" rel=\"noopener\">Ver o Descargar<\/a><\/td>\n<\/tr>\n<tr>\n<td>Comunicado N\u00ba 05 Comit\u00e9 electoral<\/td>\n<td><a class=\"btn btn-default btn-xs\" href=\"https:\/\/fchs.unsa.edu.pe\/historia\/wp-content\/uploads\/sites\/2\/2022\/01\/com-05.pdf\" target=\"_blank\" rel=\"noopener\">Ver o Descargar<\/a><\/td>\n<\/tr>\n<tr>\n<td>Comunicado N\u00ba 07 Comit\u00e9 electoral<\/td>\n<td><a class=\"btn btn-default btn-xs\" href=\"https:\/\/fchs.unsa.edu.pe\/historia\/wp-content\/uploads\/sites\/2\/2022\/02\/com-07.pdf\" target=\"_blank\" rel=\"noopener\">Ver o Descargar<\/a><\/td>\n<\/tr>\n<tr>\n<td>Padr\u00f3n de Electores<\/td>\n<td><a class=\"btn btn-default btn-xs\" href=\"https:\/\/fchs.unsa.edu.pe\/historia\/wp-content\/uploads\/sites\/2\/2022\/02\/PADRON-DE-ELECTORES.pdf\" target=\"_blank\" rel=\"noopener\">Ver Padr\u00f3n<\/a><\/td>\n<\/tr>\n<tr>\n<td>Comunicado N\u00ba 08 Comit\u00e9 electoral<\/td>\n<td><a class=\"btn btn-default btn-xs\" href=\"https:\/\/fchs.unsa.edu.pe\/historia\/wp-content\/uploads\/sites\/2\/2022\/02\/com-08.pdf\" target=\"_blank\" rel=\"noopener\">Ver o Descargar<\/a><\/td>\n<\/tr>\n<\/tbody>\n<\/table>\n","protected":false},"excerpt":{"rendered":"<p>Comit\u00e9 Electoral para la Comisi\u00f3n Organizadora Nacional encargada de elaborar los Estatutos del Colegio de Historiadores Archivos Presentaci\u00f3n Comisi\u00f3n Organizadora Nacional encargada de elaborar los Estatutos del Colegio de Historiadores. 1 Ver o Descargar Presentaci\u00f3n Comisi\u00f3n Organizadora Nacional encargada de elaborar los Estatutos del Colegio de Historiadores. 2 Ver o Descargar Comunicado N\u00ba 02 Comit\u00e9 [&hellip;]<\/p>\n","protected":false},"author":1,"featured_media":0,"parent":0,"menu_order":0,"comment_status":"closed","ping_status":"closed","template":"","meta":{"_acf_changed":false,"footnotes":""},"class_list":["post-1468","page","type-page","status-publish","hentry"],"acf":[],"_links":{"self":[{"href":"https:\/\/fchs.unsa.edu.pe\/historia\/wp-json\/wp\/v2\/pages\/1468","targetHints":{"allow":["GET"]}}],"collection":[{"href":"https:\/\/fchs.unsa.edu.pe\/historia\/wp-json\/wp\/v2\/pages"}],"about":[{"href":"https:\/\/fchs.unsa.edu.pe\/historia\/wp-json\/wp\/v2\/types\/page"}],"author":[{"embeddable":true,"href":"https:\/\/fchs.unsa.edu.pe\/historia\/wp-json\/wp\/v2\/users\/1"}],"replies":[{"embeddable":true,"href":"https:\/\/fchs.unsa.edu.pe\/historia\/wp-json\/wp\/v2\/comments?post=1468"}],"version-history":[{"count":9,"href":"https:\/\/fchs.unsa.edu.pe\/historia\/wp-json\/wp\/v2\/pages\/1468\/revisions"}],"predecessor-version":[{"id":1490,"href":"https:\/\/fchs.unsa.edu.pe\/historia\/wp-json\/wp\/v2\/pages\/1468\/revisions\/1490"}],"wp:attachment":[{"href":"https:\/\/fchs.unsa.edu.pe\/historia\/wp-json\/wp\/v2\/media?parent=1468"}],"curies":[{"name":"wp","href":"https:\/\/api.w.org\/{rel}","templated":true}]}}