{"id":1140,"date":"2017-07-13T13:51:40","date_gmt":"2017-07-13T13:51:40","guid":{"rendered":"http:\/\/www2.unsa.edu.pe\/escuelas\/sociologia\/?page_id=1140"},"modified":"2019-04-22T14:55:56","modified_gmt":"2019-04-22T14:55:56","slug":"campo-ocupacional","status":"publish","type":"page","link":"https:\/\/fchs.unsa.edu.pe\/sociologia\/campo-ocupacional\/","title":{"rendered":"Campo Ocupacional"},"content":{"rendered":"<p>Los egresados de la Escuela Profesional de Sociolog\u00eda est\u00e1n preparados para desempe\u00f1arse en los siguientes campos:<\/p>\n<ul>\n<li>Formulaci\u00f3n, ejecuci\u00f3n, seguimiento y evaluaci\u00f3n de planes, programas y proyectos de desarrollo social.<\/li>\n<li>Formulaci\u00f3n e implementaci\u00f3n de diversos proyectos de investigaci\u00f3n social, como diagn\u00f3sticos, estudios de l\u00ednea de base, evaluaciones de impacto, sistematizaciones de experiencias de desarrollo, etc.<\/li>\n<li>Docencia en Universidades e Institutos Superiores.<\/li>\n<li>Capacitaci\u00f3n asesor\u00eda y acompa\u00f1amiento a diferentes organizaciones de la sociedad civil, en temas de gesti\u00f3n organizacional y liderazgo, elaboraci\u00f3n y evaluaci\u00f3n de propuestas, entre otros.<\/li>\n<li>En los gobiernos locales y regionales y otras instituciones p\u00fablicas, en planeamiento estrat\u00e9gico, elaboraci\u00f3n de diversos estudios, seguridad ciudadana, demograf\u00eda, recursos humanos, gobernabilidad, etc.<\/li>\n<li>Asesoramiento a organizaciones de la sociedad civil en diferentes procesos participativos.<\/li>\n<li>Dise\u00f1o e implementaci\u00f3n de programas y proyectos de responsabilidad social, implementados por la empresa privada.<\/li>\n<li>Como analistas sociopol\u00edticos en diversos medios de comunicaci\u00f3n.<\/li>\n<\/ul>\n","protected":false},"excerpt":{"rendered":"<p>Los egresados de la Escuela Profesional de Sociolog\u00eda est\u00e1n preparados para desempe\u00f1arse en los siguientes campos: Formulaci\u00f3n, ejecuci\u00f3n, seguimiento y evaluaci\u00f3n de planes, programas y proyectos de desarrollo social. Formulaci\u00f3n e implementaci\u00f3n de diversos proyectos de investigaci\u00f3n social, como diagn\u00f3sticos, estudios de l\u00ednea de base, evaluaciones de impacto, sistematizaciones de experiencias de desarrollo, etc. Docencia [&hellip;]<\/p>\n","protected":false},"author":1,"featured_media":0,"parent":0,"menu_order":0,"comment_status":"closed","ping_status":"closed","template":"","meta":{"_acf_changed":false,"footnotes":""},"class_list":["post-1140","page","type-page","status-publish","hentry"],"acf":[],"_links":{"self":[{"href":"https:\/\/fchs.unsa.edu.pe\/sociologia\/wp-json\/wp\/v2\/pages\/1140","targetHints":{"allow":["GET"]}}],"collection":[{"href":"https:\/\/fchs.unsa.edu.pe\/sociologia\/wp-json\/wp\/v2\/pages"}],"about":[{"href":"https:\/\/fchs.unsa.edu.pe\/sociologia\/wp-json\/wp\/v2\/types\/page"}],"author":[{"embeddable":true,"href":"https:\/\/fchs.unsa.edu.pe\/sociologia\/wp-json\/wp\/v2\/users\/1"}],"replies":[{"embeddable":true,"href":"https:\/\/fchs.unsa.edu.pe\/sociologia\/wp-json\/wp\/v2\/comments?post=1140"}],"version-history":[{"count":2,"href":"https:\/\/fchs.unsa.edu.pe\/sociologia\/wp-json\/wp\/v2\/pages\/1140\/revisions"}],"predecessor-version":[{"id":1543,"href":"https:\/\/fchs.unsa.edu.pe\/sociologia\/wp-json\/wp\/v2\/pages\/1140\/revisions\/1543"}],"wp:attachment":[{"href":"https:\/\/fchs.unsa.edu.pe\/sociologia\/wp-json\/wp\/v2\/media?parent=1140"}],"curies":[{"name":"wp","href":"https:\/\/api.w.org\/{rel}","templated":true}]}}