{"id":1164,"date":"2017-07-13T13:56:59","date_gmt":"2017-07-13T13:56:59","guid":{"rendered":"http:\/\/www2.unsa.edu.pe\/escuelas\/sociologia\/?page_id=1164"},"modified":"2018-06-13T20:13:03","modified_gmt":"2018-06-13T20:13:03","slug":"infraestructura","status":"publish","type":"page","link":"https:\/\/fchs.unsa.edu.pe\/sociologia\/infraestructura\/","title":{"rendered":"Infraestructura"},"content":{"rendered":"<p>La Escuela cuenta con 4 aulas, un laboratorio de c\u00f3mputo en ambiente compartido para la direcci\u00f3n de Escuela y la secretar\u00eda y un ambiente auxiliar que se usa de almac\u00e9n.<\/p>\n<p>Adicionalmente, como infraestructura compartida en la Facultad de Ciencias Hist\u00f3rico Sociales, a la que pertenece la Escuela de Sociolog\u00eda, se cuenta con sal\u00f3n de grados, dos auditorios, centro de documentaci\u00f3n y servicio de laboratorio de c\u00f3mputo, adem\u00e1s de servicios higi\u00e9nicos, zonas de tr\u00e1nsito, jardines y cafeter\u00eda.<\/p>\n<p>Para el uso de los estudiantes de la Escuela se cuenta con 40 computadoras de escritorio que se encuentran en el laboratorio de c\u00f3mputo, para uso de actividades lectivas; 7 proyectores de los cuales 4 est\u00e1n instalados en las aulas, 1 en el laboratorio de c\u00f3mputo y 2 en custodia de secretar\u00eda. Tambi\u00e9n se cuenta con 3 laptos asignadas a Direcci\u00f3n de Escuela, Comisiones de trabajo y en custodia de secretar\u00eda.<\/p>\n","protected":false},"excerpt":{"rendered":"<p>La Escuela cuenta con 4 aulas, un laboratorio de c\u00f3mputo en ambiente compartido para la direcci\u00f3n de Escuela y la secretar\u00eda y un ambiente auxiliar que se usa de almac\u00e9n. Adicionalmente, como infraestructura compartida en la Facultad de Ciencias Hist\u00f3rico Sociales, a la que pertenece la Escuela de Sociolog\u00eda, se cuenta con sal\u00f3n de grados, [&hellip;]<\/p>\n","protected":false},"author":1,"featured_media":1517,"parent":0,"menu_order":0,"comment_status":"closed","ping_status":"closed","template":"","meta":{"_acf_changed":false,"footnotes":""},"class_list":["post-1164","page","type-page","status-publish","has-post-thumbnail","hentry"],"acf":[],"_links":{"self":[{"href":"https:\/\/fchs.unsa.edu.pe\/sociologia\/wp-json\/wp\/v2\/pages\/1164","targetHints":{"allow":["GET"]}}],"collection":[{"href":"https:\/\/fchs.unsa.edu.pe\/sociologia\/wp-json\/wp\/v2\/pages"}],"about":[{"href":"https:\/\/fchs.unsa.edu.pe\/sociologia\/wp-json\/wp\/v2\/types\/page"}],"author":[{"embeddable":true,"href":"https:\/\/fchs.unsa.edu.pe\/sociologia\/wp-json\/wp\/v2\/users\/1"}],"replies":[{"embeddable":true,"href":"https:\/\/fchs.unsa.edu.pe\/sociologia\/wp-json\/wp\/v2\/comments?post=1164"}],"version-history":[{"count":2,"href":"https:\/\/fchs.unsa.edu.pe\/sociologia\/wp-json\/wp\/v2\/pages\/1164\/revisions"}],"predecessor-version":[{"id":1302,"href":"https:\/\/fchs.unsa.edu.pe\/sociologia\/wp-json\/wp\/v2\/pages\/1164\/revisions\/1302"}],"wp:featuredmedia":[{"embeddable":true,"href":"https:\/\/fchs.unsa.edu.pe\/sociologia\/wp-json\/wp\/v2\/media\/1517"}],"wp:attachment":[{"href":"https:\/\/fchs.unsa.edu.pe\/sociologia\/wp-json\/wp\/v2\/media?parent=1164"}],"curies":[{"name":"wp","href":"https:\/\/api.w.org\/{rel}","templated":true}]}}