{"id":1704,"date":"2020-06-12T04:46:32","date_gmt":"2020-06-12T09:46:32","guid":{"rendered":"https:\/\/fchs.unsa.edu.pe\/trabajosocial\/?page_id=1704"},"modified":"2026-04-09T10:44:50","modified_gmt":"2026-04-09T15:44:50","slug":"perfil-del-ingresante","status":"publish","type":"page","link":"https:\/\/fchs.unsa.edu.pe\/trabajosocial\/perfil-del-ingresante\/","title":{"rendered":"Perfil del Ingresante"},"content":{"rendered":"<h3><strong>Perfil de Ingreso<\/strong><\/h3>\n<p>Criterios a considerar intereses y motivaciones que los estudiantes deben tener para ingresar al Programa de Estudios de Trabajo Social.<\/p>\n<ol>\n<li>Demuestra conocimientos b\u00e1sicos de las Ciencias Sociales, para contextualizar la realidad acorde a las necesidades sociales con responsabilidad.<\/li>\n<li>Demuestra comprensi\u00f3n lectora y redacta textos b\u00e1sicos para su an\u00e1lisis y fundamentaci\u00f3n de la problem\u00e1tica social con responsabilidad y pensamiento cr\u00edtico.<\/li>\n<li>Demuestra haber concluido los estudios de nivel secundario satisfactoriamente para continuar con estudios superiores.<\/li>\n<li>Expresa sus habilidades comunicativas y pensamiento l\u00f3gico matem\u00e1tico para ampliar su visi\u00f3n innovadora y creativa.<\/li>\n<li>Muestra actitudes, aptitudes y vocaci\u00f3n de servicio frente a la problem\u00e1tica social, participando y asumiendo liderazgo en equipos de trabajo inter y multidisciplinario con \u00e9tica y\u00a0 \u00a0 responsabilidad.<\/li>\n<\/ol>\n","protected":false},"excerpt":{"rendered":"<p>Perfil de Ingreso Criterios a considerar intereses y motivaciones que los estudiantes deben tener para ingresar al Programa de Estudios de Trabajo Social. Demuestra conocimientos b\u00e1sicos de las Ciencias Sociales, para contextualizar la realidad acorde a las necesidades sociales con responsabilidad. Demuestra comprensi\u00f3n lectora y redacta textos b\u00e1sicos para su an\u00e1lisis y fundamentaci\u00f3n de la [&hellip;]<\/p>\n","protected":false},"author":6,"featured_media":1234,"parent":0,"menu_order":0,"comment_status":"closed","ping_status":"closed","template":"","meta":{"_acf_changed":false,"footnotes":""},"class_list":["post-1704","page","type-page","status-publish","has-post-thumbnail","hentry"],"acf":[],"_links":{"self":[{"href":"https:\/\/fchs.unsa.edu.pe\/trabajosocial\/wp-json\/wp\/v2\/pages\/1704","targetHints":{"allow":["GET"]}}],"collection":[{"href":"https:\/\/fchs.unsa.edu.pe\/trabajosocial\/wp-json\/wp\/v2\/pages"}],"about":[{"href":"https:\/\/fchs.unsa.edu.pe\/trabajosocial\/wp-json\/wp\/v2\/types\/page"}],"author":[{"embeddable":true,"href":"https:\/\/fchs.unsa.edu.pe\/trabajosocial\/wp-json\/wp\/v2\/users\/6"}],"replies":[{"embeddable":true,"href":"https:\/\/fchs.unsa.edu.pe\/trabajosocial\/wp-json\/wp\/v2\/comments?post=1704"}],"version-history":[{"count":3,"href":"https:\/\/fchs.unsa.edu.pe\/trabajosocial\/wp-json\/wp\/v2\/pages\/1704\/revisions"}],"predecessor-version":[{"id":2658,"href":"https:\/\/fchs.unsa.edu.pe\/trabajosocial\/wp-json\/wp\/v2\/pages\/1704\/revisions\/2658"}],"wp:featuredmedia":[{"embeddable":true,"href":"https:\/\/fchs.unsa.edu.pe\/trabajosocial\/wp-json\/wp\/v2\/media\/1234"}],"wp:attachment":[{"href":"https:\/\/fchs.unsa.edu.pe\/trabajosocial\/wp-json\/wp\/v2\/media?parent=1704"}],"curies":[{"name":"wp","href":"https:\/\/api.w.org\/{rel}","templated":true}]}}