{"id":1854,"date":"2020-07-07T05:17:03","date_gmt":"2020-07-07T10:17:03","guid":{"rendered":"https:\/\/fchs.unsa.edu.pe\/trabajosocial\/?page_id=1854"},"modified":"2026-04-13T11:22:29","modified_gmt":"2026-04-13T16:22:29","slug":"subcomisiones","status":"publish","type":"page","link":"https:\/\/fchs.unsa.edu.pe\/trabajosocial\/subcomisiones\/","title":{"rendered":"Subcomisiones"},"content":{"rendered":"<h1 style=\"text-align: center\"><strong>Facultad de Ciencias Hist\u00f3rico Sociales<\/strong><\/h1>\n<h2 style=\"text-align: center\">Escuela Profesional de Trabajo Social<\/h2>\n<h3 style=\"text-align: center\">Comisiones 2025<\/h3>\n<table style=\"border-collapse: collapse;width: 100%\">\n<thead>\n<tr style=\"background-color: #b80948;color: white\">\n<th style=\"border: 1px solid black;padding: 8px;text-align: center;font-weight: bold\" colspan=\"2\">DIRECTORIO DE LOS INTEGRANTES DE LA COMISI\u00d3N DE ACREDITACI\u00d3N INTERNACIONAL<\/th>\n<\/tr>\n<\/thead>\n<tbody>\n<tr style=\"background-color: #70052c\">\n<td style=\"border: 1px solid black;padding: 8px;text-align: center;font-weight: bold\" colspan=\"2\"><span style=\"color: #ffffff\">COMISI\u00d3N DE ACREDITACI\u00d3N INTERNACIONAL DEL PROGRAMA DE TRABAJO SOCIAL<\/span><\/td>\n<\/tr>\n<tr>\n<td style=\"border: 1px solid black;padding: 8px;text-align: center;font-weight: bold\" colspan=\"2\">INTEGRANTES<\/td>\n<\/tr>\n<tr>\n<td style=\"border: 1px solid black;padding: 8px;width: 50%\">PRESIDENTE DE COMISI\u00d3N DE ACREDITACI\u00d3N:<\/td>\n<td style=\"border: 1px solid black;padding: 8px;width: 50%\">Mg. Otilia Erlinda Rodriguez Alarcon<\/td>\n<\/tr>\n<tr>\n<td style=\"border: 1px solid black;padding: 8px\">COORDINADOR DE COMISI\u00d3N DE ACREDITACI\u00d3N<\/td>\n<td style=\"border: 1px solid black;padding: 8px\">Dra. Smilzinia Huerta Tapia<\/td>\n<\/tr>\n<tr style=\"background-color: #b80948;font-weight: bold\">\n<td style=\"border: 1px solid black;padding: 8px\"><span style=\"color: #ffffff\">EJES CATEGOR\u00cdAS E INDICADORES<\/span><\/td>\n<td style=\"border: 1px solid black;padding: 8px;text-align: center\"><span style=\"color: #ffffff\">RESPONSABLES<\/span><\/td>\n<\/tr>\n<tr>\n<td style=\"background-color: #e6e6e6;border: 1px solid black;padding: 8px;font-weight: bold\" colspan=\"2\">EJE I : FUNDAMENTOS Y DISE\u00d1O DEL PROGRAMA EDUCATIVO<\/td>\n<\/tr>\n<tr>\n<td style=\"border: 1px solid black;padding: 8px\">CATEGOR\u00cdA 1: Contexto y prop\u00f3sito<\/td>\n<td style=\"border: 1px solid black;padding: 8px\">Mg. Jeannette Bengoa Lazarte<br \/>\nDra. Smilzinia Huerta Tapia<br \/>\nDra. Yaneth Aleman Vilca<br \/>\nMg. Otilia Erlinda Rodriguez Alarcon<\/td>\n<\/tr>\n<tr>\n<td style=\"border: 1px solid black;padding: 8px\">CATEGOR\u00cdA 2: Condiciones generales de operaci\u00f3n<\/td>\n<td style=\"border: 1px solid black;padding: 8px\">Mg. Jeannette Bengoa Lazarte<br \/>\nDra. Smilzinia Huerta Tapia<br \/>\nMg. Ada Huamantuna Sullo<br \/>\nMg. Gianny Ortega Paredes<\/td>\n<\/tr>\n<tr>\n<td style=\"background-color: #e6e6e6;border: 1px solid black;padding: 8px;font-weight: bold\" colspan=\"2\">EJE II: ESTRATEGIA DE FORMACI\u00d3N DE ESTUDIANTES<\/td>\n<\/tr>\n<tr>\n<td style=\"border: 1px solid black;padding: 8px\">CATEGOR\u00cdA 3: Plan de estudios<\/td>\n<td style=\"border: 1px solid black;padding: 8px\">Dra. Luz Marina Gamarra del Castillo<br \/>\nDra. Eva Diaz Gamero de Salas<br \/>\nDra. Joly Zegarra Caceres<br \/>\nDra. Hilda Pinto Pomareda<br \/>\nDra. Liliana Alvarez Salinas\u00a0 \u00a0 \u00a0 \u00a0 \u00a0 \u00a0 \u00a0 \u00a0 \u00a0 \u00a0 \u00a0 \u00a0 \u00a0 \u00a0 \u00a0 \u00a0 \u00a0 \u00a0 \u00a0 \u00a0 \u00a0 \u00a0 \u00a0 \u00a0 \u00a0 \u00a0 \u00a0 \u00a0 \u00a0 \u00a0 \u00a0 \u00a0 \u00a0 \u00a0 \u00a0 \u00a0 \u00a0 \u00a0 \u00a0 \u00a0 \u00a0 \u00a0 \u00a0 \u00a0 \u00a0 \u00a0 \u00a0 \u00a0 \u00a0 \u00a0 \u00a0 \u00a0 \u00a0 \u00a0 \u00a0 \u00a0 \u00a0 \u00a0 \u00a0 \u00a0 \u00a0 \u00a0 Mg. Wendy Sandy Gil Mejia<\/td>\n<\/tr>\n<tr>\n<td style=\"border: 1px solid black;padding: 8px\">CATEGOR\u00cdA 4: Trayectoria de Formaci\u00f3n<\/td>\n<td style=\"border: 1px solid black;padding: 8px\">Dra. Eva D\u00edaz Gamero de salas<br \/>\nDra. Luz Marina Gamarra del Castillo<br \/>\nDra. Joly Zegarra Caceres<br \/>\nDra. Hilda Pinto Pomareda<br \/>\nDra. Liliana Alvarez Salinas<br \/>\nMg. Gianny Ortega Paredes\u00a0 \u00a0 \u00a0 \u00a0 \u00a0 \u00a0 \u00a0 \u00a0 \u00a0 \u00a0 \u00a0 \u00a0 \u00a0 \u00a0 \u00a0 \u00a0 \u00a0 \u00a0 \u00a0 \u00a0 \u00a0 \u00a0 \u00a0 \u00a0 \u00a0 \u00a0 \u00a0 \u00a0 \u00a0 \u00a0 \u00a0 \u00a0 \u00a0 \u00a0 \u00a0 \u00a0 \u00a0 \u00a0 \u00a0 \u00a0 \u00a0 \u00a0 \u00a0 \u00a0 \u00a0 \u00a0 \u00a0 \u00a0 \u00a0 \u00a0 \u00a0 \u00a0 \u00a0 \u00a0 \u00a0 \u00a0 \u00a0 \u00a0 \u00a0 \u00a0 \u00a0 \u00a0 Mg. Wendy Sandy Gil Mejia<\/td>\n<\/tr>\n<tr>\n<td style=\"background-color: #e6e6e6;border: 1px solid black;padding: 8px;font-weight: bold\" colspan=\"2\">EJE III: GESTI\u00d3N DE LA FORMACI\u00d3N<\/td>\n<\/tr>\n<tr>\n<td style=\"border: 1px solid black;padding: 8px\">CATEGOR\u00cdA 5: Personal Acad\u00e9mico<\/td>\n<td style=\"border: 1px solid black;padding: 8px\">Dra. Nilda Carbajal de Zeballos<br \/>\nDra. Roxana Castillo Acobo<br \/>\nDr. Jose Calizaya Lopez<br \/>\nDra. Merly Lazo Manrique<br \/>\nDra. Gloria Monzon Alvarez<\/td>\n<\/tr>\n<tr>\n<td style=\"border: 1px solid black;padding: 8px\">CATEGOR\u00cdA 6: Infraestructura Acad\u00e9mica<\/td>\n<td style=\"border: 1px solid black;padding: 8px\">Dra. Merly Lazo Manrique<br \/>\nDra. Barbara Coaguila Mitta<br \/>\nDra. Yaneth Aleman Vilca<br \/>\nDra. Gloria Monz\u00f3n Alvarez\u00a0 \u00a0 \u00a0 \u00a0 \u00a0 \u00a0 \u00a0 \u00a0 \u00a0 \u00a0 \u00a0 \u00a0 \u00a0 \u00a0 \u00a0 \u00a0 \u00a0 \u00a0 \u00a0 \u00a0 \u00a0 \u00a0 \u00a0 \u00a0 \u00a0 \u00a0 \u00a0 \u00a0 \u00a0 \u00a0 \u00a0 \u00a0 \u00a0 \u00a0 \u00a0 \u00a0 \u00a0 \u00a0 \u00a0 \u00a0 \u00a0 \u00a0 \u00a0 \u00a0 \u00a0 \u00a0 \u00a0 \u00a0 \u00a0 \u00a0 \u00a0 \u00a0 \u00a0 \u00a0 \u00a0 \u00a0 \u00a0 \u00a0 \u00a0 \u00a0 \u00a0 \u00a0Mg. Marleny Dora Chavez Rojas<\/td>\n<\/tr>\n<tr>\n<td style=\"border: 1px solid black;padding: 8px\">CATEGOR\u00cdA 7: Servicios de Apoyo<\/td>\n<td style=\"border: 1px solid black;padding: 8px\">Dra. Lilia Calderon Nu\u00f1ez<br \/>\nDra. Nilda Carbajal de Zeballos<br \/>\nDr. Jose Calizaya Lopez\u00a0 \u00a0 \u00a0 \u00a0 \u00a0 \u00a0 \u00a0 \u00a0 \u00a0 \u00a0 \u00a0 \u00a0 \u00a0 \u00a0 \u00a0 \u00a0 \u00a0 \u00a0 \u00a0 \u00a0 \u00a0 \u00a0 \u00a0 \u00a0 \u00a0 \u00a0 \u00a0 \u00a0 \u00a0 \u00a0 \u00a0 \u00a0 \u00a0 \u00a0 \u00a0 \u00a0 \u00a0 \u00a0 \u00a0 \u00a0 \u00a0 \u00a0 \u00a0 \u00a0 \u00a0 \u00a0 \u00a0 \u00a0 \u00a0 \u00a0 \u00a0 \u00a0 \u00a0 \u00a0 \u00a0 \u00a0 \u00a0 \u00a0 \u00a0 \u00a0 \u00a0 \u00a0 \u00a0 \u00a0 \u00a0 Mg. Paola Jessica Alarc\u00f3n Saravia<\/td>\n<\/tr>\n<tr>\n<td style=\"background-color: #e6e6e6;border: 1px solid black;padding: 8px;font-weight: bold\" colspan=\"2\">EJE IV: RESULTADOS DEL PROGRAMA EDUCATIVO<\/td>\n<\/tr>\n<tr>\n<td style=\"border: 1px solid black;padding: 8px\">CATEGOR\u00cdA 8: Resultado del aprendizaje de los estudiantes y egresados<\/td>\n<td style=\"border: 1px solid black;padding: 8px\">Mg. Otilia Erlinda Rodriguez Alarcon<br \/>\nDra. Lilia Calderon Nu\u00f1ez<br \/>\nDra. Roxana Castillo Acobo<br \/>\nDra. Barbara Coaguila Mitta\u00a0 \u00a0 \u00a0 \u00a0 \u00a0 \u00a0 \u00a0 \u00a0 \u00a0 \u00a0 \u00a0 \u00a0 \u00a0 \u00a0 \u00a0 \u00a0 \u00a0 \u00a0 \u00a0 \u00a0 \u00a0 \u00a0 \u00a0 \u00a0 \u00a0 \u00a0 \u00a0 \u00a0 \u00a0 \u00a0 \u00a0 \u00a0 \u00a0 \u00a0 \u00a0 \u00a0 \u00a0 \u00a0 \u00a0 \u00a0 \u00a0 \u00a0 \u00a0 \u00a0 \u00a0 \u00a0 \u00a0 \u00a0 \u00a0 \u00a0 \u00a0 \u00a0 \u00a0 \u00a0 \u00a0 \u00a0 \u00a0 \u00a0 \u00a0 \u00a0 \u00a0 Mg. Paola Alarc\u00f3n Saravia<\/td>\n<\/tr>\n<\/tbody>\n<\/table>\n","protected":false},"excerpt":{"rendered":"<p>Facultad de Ciencias Hist\u00f3rico Sociales Escuela Profesional de Trabajo Social Comisiones 2025 DIRECTORIO DE LOS INTEGRANTES DE LA COMISI\u00d3N DE ACREDITACI\u00d3N INTERNACIONAL COMISI\u00d3N DE ACREDITACI\u00d3N INTERNACIONAL DEL PROGRAMA DE TRABAJO SOCIAL INTEGRANTES PRESIDENTE DE COMISI\u00d3N DE ACREDITACI\u00d3N: Mg. Otilia Erlinda Rodriguez Alarcon COORDINADOR DE COMISI\u00d3N DE ACREDITACI\u00d3N Dra. Smilzinia Huerta Tapia EJES CATEGOR\u00cdAS E INDICADORES [&hellip;]<\/p>\n","protected":false},"author":6,"featured_media":0,"parent":0,"menu_order":0,"comment_status":"closed","ping_status":"closed","template":"","meta":{"_acf_changed":false,"footnotes":""},"class_list":["post-1854","page","type-page","status-publish","hentry"],"acf":[],"_links":{"self":[{"href":"https:\/\/fchs.unsa.edu.pe\/trabajosocial\/wp-json\/wp\/v2\/pages\/1854","targetHints":{"allow":["GET"]}}],"collection":[{"href":"https:\/\/fchs.unsa.edu.pe\/trabajosocial\/wp-json\/wp\/v2\/pages"}],"about":[{"href":"https:\/\/fchs.unsa.edu.pe\/trabajosocial\/wp-json\/wp\/v2\/types\/page"}],"author":[{"embeddable":true,"href":"https:\/\/fchs.unsa.edu.pe\/trabajosocial\/wp-json\/wp\/v2\/users\/6"}],"replies":[{"embeddable":true,"href":"https:\/\/fchs.unsa.edu.pe\/trabajosocial\/wp-json\/wp\/v2\/comments?post=1854"}],"version-history":[{"count":29,"href":"https:\/\/fchs.unsa.edu.pe\/trabajosocial\/wp-json\/wp\/v2\/pages\/1854\/revisions"}],"predecessor-version":[{"id":2666,"href":"https:\/\/fchs.unsa.edu.pe\/trabajosocial\/wp-json\/wp\/v2\/pages\/1854\/revisions\/2666"}],"wp:attachment":[{"href":"https:\/\/fchs.unsa.edu.pe\/trabajosocial\/wp-json\/wp\/v2\/media?parent=1854"}],"curies":[{"name":"wp","href":"https:\/\/api.w.org\/{rel}","templated":true}]}}