{"id":2110,"date":"2021-03-31T18:41:12","date_gmt":"2021-03-31T23:41:12","guid":{"rendered":"https:\/\/fchs.unsa.edu.pe\/trabajosocial\/?page_id=2110"},"modified":"2021-04-08T12:35:12","modified_gmt":"2021-04-08T17:35:12","slug":"periodo-2021-a","status":"publish","type":"page","link":"https:\/\/fchs.unsa.edu.pe\/trabajosocial\/periodo-2021-a\/","title":{"rendered":"Periodo 2021-A"},"content":{"rendered":"<p>Informaci\u00f3n para el periodo 2021-A: Horarios, archivos de inter\u00e9s para el alumno en esta p\u00e1gina web.<\/p>\n<hr \/>\n<ul>\n<li>Lunes 29 de marzo: Horarios en archivo excel<strong>,<\/strong> <strong><a href=\"https:\/\/fchs.unsa.edu.pe\/trabajosocial\/wp-content\/uploads\/sites\/4\/2021\/03\/HORARIOS-2021-A-TS.xlsx\" target=\"_blank\" rel=\"noopener\">Descargar Horarios 2021-A<\/a><\/strong><\/li>\n<li>Mi\u00e9rcoles 31 de marzo: Cuadro de Convalidaciones (pdf), <a href=\"https:\/\/fchs.unsa.edu.pe\/trabajosocial\/wp-content\/uploads\/sites\/4\/2021\/03\/Cuadro_de_Convalidaciones.pdf\" target=\"_blank\" rel=\"noopener\"><strong>Descargar el cuadro 2021-A<\/strong><\/a><\/li>\n<li>Jueves 8 de abril: Manual Acad\u00e9mico 2021-A (pdf), <strong><a href=\"https:\/\/fchs.unsa.edu.pe\/trabajosocial\/wp-content\/uploads\/sites\/4\/2021\/04\/Manual-2021-ESCUELA-PROFESIONAL-TS.pdf\" target=\"_blank\" rel=\"noopener\">Descargar Manual<\/a><\/strong><\/li>\n<\/ul>\n<p>&nbsp;<\/p>\n","protected":false},"excerpt":{"rendered":"<p>Informaci\u00f3n para el periodo 2021-A: Horarios, archivos de inter\u00e9s para el alumno en esta p\u00e1gina web. Lunes 29 de marzo: Horarios en archivo excel, Descargar Horarios 2021-A Mi\u00e9rcoles 31 de marzo: Cuadro de Convalidaciones (pdf), Descargar el cuadro 2021-A Jueves 8 de abril: Manual Acad\u00e9mico 2021-A (pdf), Descargar Manual &nbsp;<\/p>\n","protected":false},"author":6,"featured_media":0,"parent":0,"menu_order":0,"comment_status":"closed","ping_status":"closed","template":"","meta":{"_acf_changed":false,"footnotes":""},"class_list":["post-2110","page","type-page","status-publish","hentry"],"acf":[],"_links":{"self":[{"href":"https:\/\/fchs.unsa.edu.pe\/trabajosocial\/wp-json\/wp\/v2\/pages\/2110","targetHints":{"allow":["GET"]}}],"collection":[{"href":"https:\/\/fchs.unsa.edu.pe\/trabajosocial\/wp-json\/wp\/v2\/pages"}],"about":[{"href":"https:\/\/fchs.unsa.edu.pe\/trabajosocial\/wp-json\/wp\/v2\/types\/page"}],"author":[{"embeddable":true,"href":"https:\/\/fchs.unsa.edu.pe\/trabajosocial\/wp-json\/wp\/v2\/users\/6"}],"replies":[{"embeddable":true,"href":"https:\/\/fchs.unsa.edu.pe\/trabajosocial\/wp-json\/wp\/v2\/comments?post=2110"}],"version-history":[{"count":9,"href":"https:\/\/fchs.unsa.edu.pe\/trabajosocial\/wp-json\/wp\/v2\/pages\/2110\/revisions"}],"predecessor-version":[{"id":2126,"href":"https:\/\/fchs.unsa.edu.pe\/trabajosocial\/wp-json\/wp\/v2\/pages\/2110\/revisions\/2126"}],"wp:attachment":[{"href":"https:\/\/fchs.unsa.edu.pe\/trabajosocial\/wp-json\/wp\/v2\/media?parent=2110"}],"curies":[{"name":"wp","href":"https:\/\/api.w.org\/{rel}","templated":true}]}}