{"id":1078,"date":"2017-07-10T18:31:57","date_gmt":"2017-07-10T18:31:57","guid":{"rendered":"http:\/\/www2.unsa.edu.pe\/escuelas\/turhoteleria\/?page_id=1078"},"modified":"2017-07-10T18:31:57","modified_gmt":"2017-07-10T18:31:57","slug":"campo-ocupacional","status":"publish","type":"page","link":"https:\/\/fchs.unsa.edu.pe\/turismo\/campo-ocupacional\/","title":{"rendered":"Campo Ocupacional"},"content":{"rendered":"<p>El profesional egresado estar\u00e1 en las condiciones de desarrollarse en empresas tur\u00edsticas privadas, como agencias de viajes, cadenas hoteleras, restaurantes, empresas organizadoras de eventos, complejos vacacionales, consultoras, ONGs y organismos p\u00fablicos,<\/p>\n<p>Podr\u00e1 laborar en gobiernos locales, municipales y regionales<\/p>\n<p>Podr\u00e1 tambi\u00e9n de generar sus propias unidades productivas orientadas al turismo, a nivel de investigaci\u00f3n, promoci\u00f3n y desarrollo.<\/p>\n","protected":false},"excerpt":{"rendered":"<p>El profesional egresado estar\u00e1 en las condiciones de desarrollarse en empresas tur\u00edsticas privadas, como agencias de viajes, cadenas hoteleras, restaurantes, empresas organizadoras de eventos, complejos vacacionales, consultoras, ONGs y organismos p\u00fablicos, Podr\u00e1 laborar en gobiernos locales, municipales y regionales Podr\u00e1 tambi\u00e9n de generar sus propias unidades productivas orientadas al turismo, a nivel de investigaci\u00f3n, promoci\u00f3n [&hellip;]<\/p>\n","protected":false},"author":1,"featured_media":1189,"parent":0,"menu_order":0,"comment_status":"closed","ping_status":"closed","template":"","meta":{"_acf_changed":false,"footnotes":""},"class_list":["post-1078","page","type-page","status-publish","has-post-thumbnail","hentry"],"acf":[],"_links":{"self":[{"href":"https:\/\/fchs.unsa.edu.pe\/turismo\/wp-json\/wp\/v2\/pages\/1078","targetHints":{"allow":["GET"]}}],"collection":[{"href":"https:\/\/fchs.unsa.edu.pe\/turismo\/wp-json\/wp\/v2\/pages"}],"about":[{"href":"https:\/\/fchs.unsa.edu.pe\/turismo\/wp-json\/wp\/v2\/types\/page"}],"author":[{"embeddable":true,"href":"https:\/\/fchs.unsa.edu.pe\/turismo\/wp-json\/wp\/v2\/users\/1"}],"replies":[{"embeddable":true,"href":"https:\/\/fchs.unsa.edu.pe\/turismo\/wp-json\/wp\/v2\/comments?post=1078"}],"version-history":[{"count":0,"href":"https:\/\/fchs.unsa.edu.pe\/turismo\/wp-json\/wp\/v2\/pages\/1078\/revisions"}],"wp:featuredmedia":[{"embeddable":true,"href":"https:\/\/fchs.unsa.edu.pe\/turismo\/wp-json\/wp\/v2\/media\/1189"}],"wp:attachment":[{"href":"https:\/\/fchs.unsa.edu.pe\/turismo\/wp-json\/wp\/v2\/media?parent=1078"}],"curies":[{"name":"wp","href":"https:\/\/api.w.org\/{rel}","templated":true}]}}