{"id":1434,"date":"2023-06-26T14:35:51","date_gmt":"2023-06-26T19:35:51","guid":{"rendered":"https:\/\/fchs.unsa.edu.pe\/turismo\/?page_id=1434"},"modified":"2023-06-28T02:17:35","modified_gmt":"2023-06-28T07:17:35","slug":"perfil-de-egreso","status":"publish","type":"page","link":"https:\/\/fchs.unsa.edu.pe\/turismo\/perfil-de-egreso\/","title":{"rendered":"Perfil de Egreso"},"content":{"rendered":"<p>PERFIL DE EGRESO<br \/>\nEl egresado del Programa de Estudios Turismo y Hoteler\u00eda de la Universidad Nacional de San Agust\u00edn de Arequipa tiene una preparaci\u00f3n integral con la capacidad de generar emprendimientos, desarrolla la capacidad de direcci\u00f3n, determina la problem\u00e1tica del sector, promueve destino, proyecta planes, programas para el desarrollo del turismo y hoteler\u00eda, organizaciones del sector p\u00fablico, privado y en sus propios emprendimientos.<br \/>\nCuenta con conocimientos de calidad y efectividad, basado en habilidades, idiomas y una actitud proactiva que respondan a las tendencias del mercado que conlleven al desarrollo de un turismo competitivo y sostenible con responsabilidad social.<\/p>\n","protected":false},"excerpt":{"rendered":"<p>PERFIL DE EGRESO El egresado del Programa de Estudios Turismo y Hoteler\u00eda de la Universidad Nacional de San Agust\u00edn de Arequipa tiene una preparaci\u00f3n integral con la capacidad de generar emprendimientos, desarrolla la capacidad de direcci\u00f3n, determina la problem\u00e1tica del sector, promueve destino, proyecta planes, programas para el desarrollo del turismo y hoteler\u00eda, organizaciones del [&hellip;]<\/p>\n","protected":false},"author":6,"featured_media":0,"parent":0,"menu_order":0,"comment_status":"closed","ping_status":"closed","template":"","meta":{"_acf_changed":false,"footnotes":""},"class_list":["post-1434","page","type-page","status-publish","hentry"],"acf":[],"_links":{"self":[{"href":"https:\/\/fchs.unsa.edu.pe\/turismo\/wp-json\/wp\/v2\/pages\/1434","targetHints":{"allow":["GET"]}}],"collection":[{"href":"https:\/\/fchs.unsa.edu.pe\/turismo\/wp-json\/wp\/v2\/pages"}],"about":[{"href":"https:\/\/fchs.unsa.edu.pe\/turismo\/wp-json\/wp\/v2\/types\/page"}],"author":[{"embeddable":true,"href":"https:\/\/fchs.unsa.edu.pe\/turismo\/wp-json\/wp\/v2\/users\/6"}],"replies":[{"embeddable":true,"href":"https:\/\/fchs.unsa.edu.pe\/turismo\/wp-json\/wp\/v2\/comments?post=1434"}],"version-history":[{"count":2,"href":"https:\/\/fchs.unsa.edu.pe\/turismo\/wp-json\/wp\/v2\/pages\/1434\/revisions"}],"predecessor-version":[{"id":1445,"href":"https:\/\/fchs.unsa.edu.pe\/turismo\/wp-json\/wp\/v2\/pages\/1434\/revisions\/1445"}],"wp:attachment":[{"href":"https:\/\/fchs.unsa.edu.pe\/turismo\/wp-json\/wp\/v2\/media?parent=1434"}],"curies":[{"name":"wp","href":"https:\/\/api.w.org\/{rel}","templated":true}]}}