{"id":1522,"date":"2024-06-05T14:43:19","date_gmt":"2024-06-05T19:43:19","guid":{"rendered":"https:\/\/fchs.unsa.edu.pe\/turismo\/?page_id=1522"},"modified":"2026-02-03T12:47:21","modified_gmt":"2026-02-03T17:47:21","slug":"presentacion-investigacion","status":"publish","type":"page","link":"https:\/\/fchs.unsa.edu.pe\/turismo\/presentacion-investigacion\/","title":{"rendered":"PRESENTACI\u00d3N"},"content":{"rendered":"<p>La Escuela Profesional de Turismo y Hoteler\u00eda de la Universidad Nacional de San Agust\u00edn de Arequipa promueve la investigaci\u00f3n en sus estudiantes, egresados y docentes, con el fin de generar conocimiento cient\u00edfico y aportar soluciones a problem\u00e1ticas vinculadas al turismo y la hoteler\u00eda, en concordancia con los lineamientos acad\u00e9micos y de investigaci\u00f3n de la UNSA.<\/p>\n","protected":false},"excerpt":{"rendered":"<p>La Escuela Profesional de Turismo y Hoteler\u00eda de la Universidad Nacional de San Agust\u00edn de Arequipa promueve la investigaci\u00f3n en sus estudiantes, egresados y docentes, con el fin de generar conocimiento cient\u00edfico y aportar soluciones a problem\u00e1ticas vinculadas al turismo y la hoteler\u00eda, en concordancia con los lineamientos acad\u00e9micos y de investigaci\u00f3n de la UNSA.<\/p>\n","protected":false},"author":6,"featured_media":0,"parent":0,"menu_order":0,"comment_status":"closed","ping_status":"closed","template":"","meta":{"_acf_changed":false,"footnotes":""},"class_list":["post-1522","page","type-page","status-publish","hentry"],"acf":[],"_links":{"self":[{"href":"https:\/\/fchs.unsa.edu.pe\/turismo\/wp-json\/wp\/v2\/pages\/1522","targetHints":{"allow":["GET"]}}],"collection":[{"href":"https:\/\/fchs.unsa.edu.pe\/turismo\/wp-json\/wp\/v2\/pages"}],"about":[{"href":"https:\/\/fchs.unsa.edu.pe\/turismo\/wp-json\/wp\/v2\/types\/page"}],"author":[{"embeddable":true,"href":"https:\/\/fchs.unsa.edu.pe\/turismo\/wp-json\/wp\/v2\/users\/6"}],"replies":[{"embeddable":true,"href":"https:\/\/fchs.unsa.edu.pe\/turismo\/wp-json\/wp\/v2\/comments?post=1522"}],"version-history":[{"count":5,"href":"https:\/\/fchs.unsa.edu.pe\/turismo\/wp-json\/wp\/v2\/pages\/1522\/revisions"}],"predecessor-version":[{"id":1626,"href":"https:\/\/fchs.unsa.edu.pe\/turismo\/wp-json\/wp\/v2\/pages\/1522\/revisions\/1626"}],"wp:attachment":[{"href":"https:\/\/fchs.unsa.edu.pe\/turismo\/wp-json\/wp\/v2\/media?parent=1522"}],"curies":[{"name":"wp","href":"https:\/\/api.w.org\/{rel}","templated":true}]}}