{"id":1539,"date":"2024-06-05T15:04:12","date_gmt":"2024-06-05T20:04:12","guid":{"rendered":"https:\/\/fchs.unsa.edu.pe\/turismo\/?page_id=1539"},"modified":"2024-06-05T15:04:31","modified_gmt":"2024-06-05T20:04:31","slug":"procedimiento-para-tramite","status":"publish","type":"page","link":"https:\/\/fchs.unsa.edu.pe\/turismo\/procedimiento-para-tramite\/","title":{"rendered":"Procedimiento para tr\u00e1mite"},"content":{"rendered":"<p><a href=\"https:\/\/fchs.unsa.edu.pe\/turismo\/wp-content\/uploads\/sites\/6\/2024\/06\/MANUAL-DE-USUARIO-GRADUATE-TITULO-SUSTENTACION-DE-TESIS.pdf\" target=\"_blank\" rel=\"noopener\">Manual de Usuario del Graduando del Sistema de Gesti\u00f3n de Graduaci\u00f3n y Titulaci\u00f3n 2021<\/a><\/p>\n","protected":false},"excerpt":{"rendered":"<p>Manual de Usuario del Graduando del Sistema de Gesti\u00f3n de Graduaci\u00f3n y Titulaci\u00f3n 2021<\/p>\n","protected":false},"author":6,"featured_media":0,"parent":0,"menu_order":0,"comment_status":"closed","ping_status":"closed","template":"","meta":{"_acf_changed":false,"footnotes":""},"class_list":["post-1539","page","type-page","status-publish","hentry"],"acf":[],"_links":{"self":[{"href":"https:\/\/fchs.unsa.edu.pe\/turismo\/wp-json\/wp\/v2\/pages\/1539","targetHints":{"allow":["GET"]}}],"collection":[{"href":"https:\/\/fchs.unsa.edu.pe\/turismo\/wp-json\/wp\/v2\/pages"}],"about":[{"href":"https:\/\/fchs.unsa.edu.pe\/turismo\/wp-json\/wp\/v2\/types\/page"}],"author":[{"embeddable":true,"href":"https:\/\/fchs.unsa.edu.pe\/turismo\/wp-json\/wp\/v2\/users\/6"}],"replies":[{"embeddable":true,"href":"https:\/\/fchs.unsa.edu.pe\/turismo\/wp-json\/wp\/v2\/comments?post=1539"}],"version-history":[{"count":2,"href":"https:\/\/fchs.unsa.edu.pe\/turismo\/wp-json\/wp\/v2\/pages\/1539\/revisions"}],"predecessor-version":[{"id":1541,"href":"https:\/\/fchs.unsa.edu.pe\/turismo\/wp-json\/wp\/v2\/pages\/1539\/revisions\/1541"}],"wp:attachment":[{"href":"https:\/\/fchs.unsa.edu.pe\/turismo\/wp-json\/wp\/v2\/media?parent=1539"}],"curies":[{"name":"wp","href":"https:\/\/api.w.org\/{rel}","templated":true}]}}